{"id":200,"date":"2022-08-30T18:06:04","date_gmt":"2022-08-30T21:06:04","guid":{"rendered":"http:\/\/www.observacom.org\/proyectopidc\/?page_id=200"},"modified":"2023-12-05T14:20:42","modified_gmt":"2023-12-05T17:20:42","slug":"base-de-datos-legislativa","status":"publish","type":"page","link":"https:\/\/www.observacom.org\/proyectopidc\/base-de-datos-legislativa\/","title":{"rendered":"Base de datos legislativa"},"content":{"rendered":"<p>[vc_section full_width=\u00bbstretch_row\u00bb css=\u00bb.vc_custom_1661994461472{margin-top: -10px !important;background-color: #ffffff !important;}\u00bb][vc_row][vc_column width=\u00bb1\/4&#8243;][\/vc_column][vc_column width=\u00bb1\/4&#8243;][vc_single_image image=\u00bb139&#8243; img_size=\u00bbfull\u00bb alignment=\u00bbcenter\u00bb][\/vc_column][vc_column width=\u00bb1\/4&#8243;][vc_single_image image=\u00bb198&#8243; img_size=\u00bblarge\u00bb alignment=\u00bbright\u00bb css=\u00bb.vc_custom_1662396930944{margin-top: -35px !important;}\u00bb][\/vc_column][vc_column width=\u00bb1\/4&#8243;][vc_single_image image=\u00bb156&#8243; img_size=\u00bblarge\u00bb css=\u00bb.vc_custom_1661896766482{margin-top: -35px !important;}\u00bb][\/vc_column][\/vc_row][\/vc_section][vc_section][vc_row][vc_column width=\u00bb1\/6&#8243;][\/vc_column][vc_column width=\u00bb1\/6&#8243;][vc_single_image image=\u00bb333&#8243; img_size=\u00bbfull\u00bb css=\u00bb.vc_custom_1662144820299{margin-top: 40px !important;}\u00bb][\/vc_column][vc_column width=\u00bb1\/6&#8243;][\/vc_column][vc_column width=\u00bb1\/6&#8243;][\/vc_column][vc_column width=\u00bb1\/6&#8243;][\/vc_column][vc_column width=\u00bb1\/6&#8243;][\/vc_column][\/vc_row][vc_row css=\u00bb.vc_custom_1662143430965{margin-top: -45px !important;}\u00bb][vc_column][vc_column_text]<\/p>\n<h1 style=\"text-align: center;\"><strong>Base de datos legislativa sobre medios comunitarios<\/strong><\/h1>\n<p>[\/vc_column_text][\/vc_column][\/vc_row][\/vc_section][vc_row][vc_column width=\u00bb1\/4&#8243;][\/vc_column][vc_column width=\u00bb1\/2&#8243;][vc_tta_accordion style=\u00bbmodern\u00bb shape=\u00bbsquare\u00bb color=\u00bbsky\u00bb active_section=\u00bb0&#8243; no_fill=\u00bbtrue\u00bb collapsible_all=\u00bbtrue\u00bb css=\u00bb.vc_custom_1662077605673{background-color: #ffffff !important;}\u00bb][vc_tta_section title=\u00bbArgentina\u00bb tab_id=\u00bb1661899704121-f891f0fd-9f86&#8243;][vc_column_text]<strong>LEYES<\/strong><\/p>\n<ul>\n<li><a href=\"http:\/\/servicios.infoleg.gob.ar\/infolegInternet\/anexos\/155000-159999\/158649\/norma.htm\">Ley 26.522 de Servicios de Comunicaci\u00f3n Audiovisual (LSCA)<\/a><\/li>\n<li><a href=\"http:\/\/servicios.infoleg.gob.ar\/infolegInternet\/anexos\/235000-239999\/239771\/norma.htm\">Ley Argentina Digital (27.078\/14) (Regulaci\u00f3n sobre telecomunicaciones)<\/a><\/li>\n<\/ul>\n<p><strong>DECRETOS<\/strong><\/p>\n<ul>\n<li><a href=\"http:\/\/servicios.infoleg.gob.ar\/infolegInternet\/anexos\/170000-174999\/171306\/norma.htm\">Decreto 1225\/10 (Reglamentaci\u00f3n Ley 26.522)<\/a><\/li>\n<li><a href=\"http:\/\/servicios.infoleg.gob.ar\/infolegInternet\/anexos\/255000-259999\/257461\/norma.htm\">Decreto de Necesidad y Urgencia 267\/15 (Modificaciones a la Ley 26.522)<\/a><\/li>\n<\/ul>\n<p><strong>RESOLUCIONES<\/strong><\/p>\n<ul>\n<li><a href=\"https:\/\/www.enacom.gob.ar\/fomeca\/concursoabiertos\">RESOL-2020-735-APN-ENACOM de 1 de julio de 2020. Reglamento general del fondo de fomento concursable para medios de comunicaci\u00f3n audiovisual (FOMECA).<\/a><\/li>\n<\/ul>\n<p>[\/vc_column_text][\/vc_tta_section][vc_tta_section title=\u00bbBolivia\u00bb tab_id=\u00bb1661899704121-64903228-e553&#8243;][vc_column_text]<strong>LEYES<\/strong><\/p>\n<ul>\n<li><a href=\"http:\/\/www.gacetaoficialdebolivia.gob.bo\/app\/webroot\/archivos\/CONSTITUCION.pdf\">Constituci\u00f3n Pol\u00edtica del Estado 2009 (arts. 30 y 107).<\/a><\/li>\n<li><a href=\"https:\/\/www.minedu.gob.bo\/files\/documentos-normativos\/leyes\/ley_164___ley_general_de_telecomunicaciones_tecnologias_de_informacin_y_comunicacion.pdf\">La Ley N\u00ba 164 General de Telecomunicaciones, Tecnolog\u00edas de la Informaci\u00f3n y la Comunicaci\u00f3n (LGTel), de 8 de agosto de 2011.<\/a><\/li>\n<\/ul>\n<p><strong>DECRETOS<\/strong><\/p>\n<ul>\n<li><a href=\"https:\/\/www.att.gob.bo\/telecomicaciones-legal\">Decreto Supremo N\u00ba 1.391 de 24 de octubre de 2012, que aprueba el Reglamento General a la LGTel.<\/a><\/li>\n<\/ul>\n<p><strong>RESOLUCIONES<\/strong><\/p>\n<ul>\n<li><a href=\"http:\/\/www.gacetaoficialdebolivia.gob.bo\/edicions\/view\/450NEC\">Resoluci\u00f3n Ministerial N\u00ba 323 de 30 de noviembre de 2012, que establece el Reglamento para el otorgamiento de licencias en telecomunicaciones.<\/a><\/li>\n<\/ul>\n<p>[\/vc_column_text][\/vc_tta_section][vc_tta_section title=\u00bbBrasil\u00bb tab_id=\u00bb1661900974510-36ba093b-f70d\u00bb][vc_column_text]<strong>LEYES<\/strong><\/p>\n<ul>\n<li><a href=\"http:\/\/www.planalto.gov.br\/ccivil_03\/leis\/l4117compilada.htm\">Lei n\u00ba 4.117 de 27 de agosto de 1962, C\u00f3digo Brasileiro de Telecomunica\u00e7\u00f5es (CBT).<\/a><\/li>\n<li><a href=\"http:\/\/www.planalto.gov.br\/ccivil_03\/leis\/l9472.htm\">Lei n\u00ba 9.472 de 16 de julho de 1997, Disp\u00f5e sobre a organiza\u00e7\u00e3o dos servi\u00e7os de telecomunica\u00e7\u00f5es, a cria\u00e7\u00e3o e funcionamento de um \u00f3rg\u00e3o regulador e outros aspectos institucionais, nos termos da Emenda Constitucional n\u00ba 8, de 1995.<\/a><\/li>\n<li><a href=\"http:\/\/www.planalto.gov.br\/ccivil_03\/LEIS\/L9612.htm\">Lei n\u00ba 9.612 de 19 de fevereiro de 1998 \u2013 Institui o Servi\u00e7o de Radiodifus\u00e3o Comunit\u00e1ria.<\/a><\/li>\n<li><a href=\"http:\/\/www.planalto.gov.br\/ccivil_03\/leis\/l8977.htm\">Lei n\u00ba 8.977\/1995 de 6 de janeiro de 1995 \u2013 Disp\u00f5e sobre o Servi\u00e7o de TV a Cabo (prev\u00ea um canal comunit\u00e1rio aberto para utiliza\u00e7\u00e3o livre por entidades n\u00e3o governamentais e sem fins lucrativos).<\/a><\/li>\n<li><a href=\"http:\/\/www.planalto.gov.br\/ccivil_03\/_ato2011-2014\/2011\/lei\/l12485.htm\">Lei n\u00ba 12.485, de 12 de setembro de 2011 \u2013 Disp\u00f5e sobre a comunica\u00e7\u00e3o audiovisual de acesso condicionado (altera a Lei no 8.977\/1995mantendo o canal comunit\u00e1rio).<\/a><\/li>\n<\/ul>\n<p><strong>DECRETOS<\/strong><\/p>\n<ul>\n<li><a href=\"http:\/\/www.planalto.gov.br\/ccivil_03\/decreto\/D2615.htm\">Decreto n\u00ba 2.615 de 3 de junho de 1998 \u2013 Aprova o Regulamento do Servi\u00e7o de Radiodifus\u00e3o Comunit\u00e1ria.<\/a><\/li>\n<li><a href=\"http:\/\/www.planalto.gov.br\/ccivil_03\/_ato2004-2006\/2006\/decreto\/d5820.htm\">Decreto n\u00ba 5.820 de 29 de junho de 2006 \u2013 Disp\u00f5e sobre a implanta\u00e7\u00e3o do Sistema Brasileiro de TV Digital Terrestre (prev\u00ea o Canal de Cidadania para transmiss\u00e3o de programa\u00e7\u00f5es das comunidades locais, bem como para divulga\u00e7\u00e3o de atos, trabalhos, projetos, sess\u00f5es e eventos dos poderes p\u00fablicos federal, estadual e municipal).<\/a><\/li>\n<\/ul>\n<p>Normas sobre como ser\u00e3o processados os pedidos de outorga e como o Servi\u00e7o dever\u00e1 ser prestado: <a href=\"https:\/\/pesquisa.in.gov.br\/imprensa\/jsp\/visualiza\/index.jsp?jornal=1&amp;data=21\/09\/2015&amp;pagina=71\">Portaria n\u00ba 4.334\/2015\/SEI-MC<\/a>, alterada pela Portaria n\u00ba <a href=\"https:\/\/pesquisa.in.gov.br\/imprensa\/jsp\/visualiza\/index.jsp?data=09\/04\/2018&amp;jornal=515&amp;pagina=23&amp;totalArquivos=130\">1.909\/2018\/SEI-MCTIC<\/a> e pela Portaria <a href=\"https:\/\/pesquisa.in.gov.br\/imprensa\/jsp\/visualiza\/index.jsp?data=13\/04\/2018&amp;jornal=515&amp;pagina=40\">1.976\/2018\/SEI-MCTIC<\/a>.[\/vc_column_text][\/vc_tta_section][vc_tta_section title=\u00bbChile\u00bb tab_id=\u00bb1661901085679-53d850a3-097a\u00bb][vc_column_text]<strong>LEYES<\/strong><\/p>\n<ul>\n<li><a href=\"https:\/\/www.bcn.cl\/leychile\/navegar?idNorma=30214\">LCNTV: Ley N\u00ba18.838 que crea el Consejo Nacional de Televisi\u00f3n.<\/a><\/li>\n<li><a href=\"https:\/\/www.bcn.cl\/leychile\/navegar?idNorma=29591\">LGTel: Ley N\u00b018.168, General de Telecomunicaciones.<\/a><\/li>\n<li><a href=\"https:\/\/www.bcn.cl\/leychile\/navegar?idNorma=1013004\">LRCC: Ley N\u00ba20.433 que crea los servicios de radiodifusi\u00f3n comunitaria ciudadana.<\/a><\/li>\n<li><a href=\"https:\/\/www.bcn.cl\/leychile\/navegar?idNorma=1060307\">Ley N\u00b020.750 que permite la introducci\u00f3n de la televisi\u00f3n digital terrestre.<\/a><\/li>\n<li><a href=\"https:\/\/www.bcn.cl\/leychile\/navegar?idNorma=186049\">Ley N\u00ba19.733 sobre libertades de opini\u00f3n e informaci\u00f3n y ejercicio del periodismo.<\/a><\/li>\n<\/ul>\n<p><strong>DECRETOS<\/strong><\/p>\n<ul>\n<li><a href=\"http:\/\/bcn.cl\/2ep2u\">Decreto N\u00b0122, Reglamento de la Ley N\u00ba20.433 que crea los servicios de radiodifusi\u00f3n comunitaria ciudadana.<\/a><\/li>\n<\/ul>\n<p>[\/vc_column_text][\/vc_tta_section][vc_tta_section title=\u00bbColombia\u00bb tab_id=\u00bb1661901219557-93208e60-5fed\u00bb][vc_column_text]<strong>LEYES<\/strong><\/p>\n<ul>\n<li><a href=\"https:\/\/normograma.mintic.gov.co\/docs\/ley_1341_2009.htm\">Ley 1341 de 2009, Por la cual se definen principios y conceptos sobre la sociedad de la informaci\u00f3n y la organizaci\u00f3n de las Tecnolog\u00edas de la Informaci\u00f3n y las Comunicaciones \u2013TIC\u2013.<\/a><\/li>\n<li><a href=\"https:\/\/www.funcionpublica.gov.co\/eva\/gestornormativo\/norma.php?i=98210\">Ley n.\u00ba 1978 de 2019. Por la cual se moderniza el sector de las Tecnolog\u00edas de la Informaci\u00f3n y las Comunicaciones (TIC), se distribuyen competencias, se crea un regulador \u00fanico y se dictan otras disposiciones.<\/a><\/li>\n<\/ul>\n<p><strong>RESOLUCIONES<\/strong><\/p>\n<ul>\n<li><a href=\"https:\/\/www.alcaldiabogota.gov.co\/sisjur\/normas\/Norma1.jsp?i=39367\">Resoluci\u00f3n 415 de 2010, Por la cual se expide el Reglamento del Servicio de Radiodifusi\u00f3n Sonora y se dictan otras disposiciones.<\/a><\/li>\n<li><a href=\"https:\/\/www.mintic.gov.co\/portal\/715\/articles-238203_recurso_2.pdf\">Resoluci\u00f3n 2614, del 26 de julio de 2022, del Ministerio de Tecnolog\u00edas de la Informaci\u00f3n y las Comunicaciones, \u201cpor la cual se reglamenta el Servicio P\u00fablico de Radiodifusi\u00f3n Sonora, se deroga la Resoluci\u00f3n 415 de 2010 y se dictan otras disposiciones\u201d.<\/a><\/li>\n<li><a href=\"https:\/\/normograma.mintic.gov.co\/mintic\/docs\/pdf\/resolucion_antv_0650_2018.pdf\">Resoluci\u00f3n 650 de 2018. Diario Oficial de 6 de junio de 2018. Autoridad Nacional De Televisio\u0301n \u201cpor la cual se Reglamenta el Servicio de Televisio\u0301n Comunitaria\u201d.<\/a><\/li>\n<\/ul>\n<p>[\/vc_column_text][\/vc_tta_section][vc_tta_section title=\u00bbEcuador\u00bb tab_id=\u00bb1661901300406-3bcf7a8b-4633&#8243;][vc_column_text]<strong>LEYES<\/strong><\/p>\n<ul>\n<li><a href=\"http:\/\/esacc.corteconstitucional.gob.ec\/storage\/api\/v1\/10_DWL_FL\/eyJjYXJwZXRhIjoicm8iLCJ1dWlkIjoiMTM0ZWY0NzAtMDU1My00YWI4LThhMWUtMDRmOGYxY2RhN2JmLnBkZiJ9\">Ley Org\u00e1nica Reformatoria de la Ley Org\u00e1nica de la Comunicaci\u00f3n<\/a><\/li>\n<\/ul>\n<p><strong>DECRETOS<\/strong><\/p>\n<ul>\n<li><a href=\"https:\/\/www.observacom.org\/proyectopidc\/wp-content\/uploads\/2023\/10\/Reglamento-General-a-la-Ley-Organica-de-Comunicacion.pdf\">Decreto N\u00b0 850 del 23 de agosto de 2023, que establece el Reglamento General a la Ley Org\u00e1nica de Comunicaci\u00f3n.<\/a><\/li>\n<\/ul>\n<p>[\/vc_column_text][\/vc_tta_section][vc_tta_section title=\u00bbEl Salvador\u00bb tab_id=\u00bb1661901358173-9df38bcd-6eb9&#8243;][vc_column_text]<strong>LEYES<\/strong><\/p>\n<ul>\n<li><a href=\"https:\/\/www.siget.gob.sv\/wp-content\/uploads\/2021\/02\/Ley_Telecomunicaciones_Mayo_2016.pdf\">Ley de Telecomunicaciones. Decreto Legislativo N\u00b0 142 de 6 de noviembre de 1997.<\/a><\/li>\n<\/ul>\n<p><strong>DECRETOS<\/strong><\/p>\n<ul>\n<li><a href=\"https:\/\/www.transparencia.gob.sv\/institutions\/siget\/documents\/335322\/download\">Decreto N\u00b034 de 2019. Reformas al Reglamento de la Ley de Telecomunicaciones.<\/a><\/li>\n<\/ul>\n<p>[\/vc_column_text][\/vc_tta_section][vc_tta_section title=\u00bbParaguay\u00bb tab_id=\u00bb1661901561293-e17aeb41-9eb9&#8243;][vc_column_text]<strong>LEYES<\/strong><\/p>\n<ul>\n<li><a href=\"https:\/\/www.conatel.gov.py\/conatel\/wp-content\/uploads\/2019\/09\/ley-642_1995_de-telecomunicaciones-1-1.pdf\">Ley de Telecomunicaciones N\u00ba 642 del a\u00f1o 1995<\/a><a href=\"https:\/\/www.bacn.gov.py\/leyes-paraguayas\/3601\/modifica-y-amplia-los-articulos-57-58-70-73-y-100-de-la-ley-n-64295-de-telecomunicaciones\">. Modificada y Ampliado por Ley N\u00b0 4.179, de fecha 28 de marzo de 2011.<\/a><\/li>\n<\/ul>\n<p><strong>DECRETOS<\/strong><\/p>\n<ul>\n<li><a href=\"https:\/\/www.conatel.gov.py\/conatel\/wp-content\/uploads\/2019\/10\/decreto-14135.pdf\">Decreto N\u00ba 14135 por el cual se aprueba las normas reglamentarias, de la ley n\u00ba 642\/95 de telecomunicaciones.<\/a><\/li>\n<\/ul>\n<p><strong>RESOLUCIONES<\/strong><\/p>\n<ul>\n<li><a href=\"https:\/\/www.conatel.gov.py\/conatel\/wp-content\/uploads\/2019\/10\/rd-898-2002-961-2004-reglamento-radiod-de-pequea-y-mediana-cobertura-modificado.pdf\">Resoluci\u00f3n n\u00b0 898\/2002 por la cual se aprueba el reglamento del servicio de radiodifusi\u00f3n sonora de peque\u00f1a y mediana cobertura.<\/a><\/li>\n<\/ul>\n<p>[\/vc_column_text][\/vc_tta_section][vc_tta_section title=\u00bbPer\u00fa\u00bb tab_id=\u00bb1661901611460-14fa52fb-4bdb\u00bb][vc_column_text]<strong>LEYES<\/strong><\/p>\n<ul>\n<li><a href=\"https:\/\/cdn.www.gob.pe\/uploads\/document\/file\/19067\/1_0_3537.pdf\">Ley N\u00ba 28278 de Radio y Televisi\u00f3n (2015).<\/a><\/li>\n<\/ul>\n<p><strong>DECRETOS<\/strong><\/p>\n<ul>\n<li><a href=\"https:\/\/portal.mtc.gob.pe\/comunicaciones\/autorizaciones\/normas\/radiodifusion\/n_radiodifusion.html\">Decreto Supremo N\u00b0 005-2005-MTC\u00a0Reglamento de la Ley de Radio y Televisi\u00f3n y modificaciones posteriores.<\/a><\/li>\n<\/ul>\n<p><strong>RESOLUCIONES<\/strong><\/p>\n<ul>\n<li><a href=\"http:\/\/transparencia.mtc.gob.pe\/idm_docs\/normas_legales\/1_0_3544.pdf\">Resoluci\u00f3n Ministerial N\u00ba 718-2013-MTC-03, Ley N\u00b0 30216 de formalizaci\u00f3n y promoci\u00f3n de empresas de radiodifusi\u00f3n comunitaria, de radio y televisi\u00f3n, en zonas rurales y lugares de preferente inter\u00e9s social y modificatoria de la Ley 28278, Ley de Radio y Televisi\u00f3n).<\/a><\/li>\n<\/ul>\n<p>[\/vc_column_text][\/vc_tta_section][vc_tta_section title=\u00bbUruguay\u00bb tab_id=\u00bb1661901685165-2d885a78-dfdc\u00bb][vc_column_text]<strong>LEYES<\/strong><\/p>\n<ul>\n<li><a href=\"https:\/\/www.impo.com.uy\/bases\/leyes\/19307-2014\">Ley N\u00ba 19.307 de Servicios de Comunicaci\u00f3n Audiovisual (LSCA).<\/a><\/li>\n<li><a href=\"https:\/\/www.impo.com.uy\/bases\/leyes\/18232-2007\">La Ley 18.232, de Radiodifusi\u00f3n Comunitaria.<\/a><\/li>\n<\/ul>\n<p><strong>DECRETOS<\/strong><\/p>\n<ul>\n<li><a href=\"https:\/\/www.impo.com.uy\/bases\/decretos\/160-2019\">Decreto N\u00ba 160\/019 de 05\/06\/2019 reglamentaci\u00f3n de la Ley N\u00ba 19.307.<\/a><\/li>\n<li><a href=\"https:\/\/www.impo.com.uy\/bases\/decretos\/417-2010\">Decreto N\u00ba 417\/010 de 30\/12\/2010, reglamentaci\u00f3n de la Ley 18.232, de Radiodifusi\u00f3n Comunitaria.<\/a><\/li>\n<\/ul>\n<p>[\/vc_column_text][\/vc_tta_section][\/vc_tta_accordion][\/vc_column][vc_column width=\u00bb1\/4&#8243;][\/vc_column][\/vc_row]<\/p>\n","protected":false},"excerpt":{"rendered":"<p>[vc_section full_width=\u00bbstretch_row\u00bb css=\u00bb.vc_custom_1661994461472{margin-top: -10px !important;background-color: #ffffff !important;}\u00bb][vc_row][vc_column width=\u00bb1\/4&#8243;][\/vc_column][vc_column width=\u00bb1\/4&#8243;][vc_single_image image=\u00bb139&#8243; img_size=\u00bbfull\u00bb alignment=\u00bbcenter\u00bb][\/vc_column][vc_column width=\u00bb1\/4&#8243;][vc_single_image image=\u00bb198&#8243; img_size=\u00bblarge\u00bb alignment=\u00bbright\u00bb css=\u00bb.vc_custom_1662396930944{margin-top: -35px !important;}\u00bb][\/vc_column][vc_column width=\u00bb1\/4&#8243;][vc_single_image image=\u00bb156&#8243; img_size=\u00bblarge\u00bb css=\u00bb.vc_custom_1661896766482{margin-top: -35px !important;}\u00bb][\/vc_column][\/vc_row][\/vc_section][vc_section][vc_row][vc_column width=\u00bb1\/6&#8243;][\/vc_column][vc_column width=\u00bb1\/6&#8243;][vc_single_image image=\u00bb333&#8243; img_size=\u00bbfull\u00bb css=\u00bb.vc_custom_1662144820299{margin-top: 40px !important;}\u00bb][\/vc_column][vc_column width=\u00bb1\/6&#8243;][\/vc_column][vc_column width=\u00bb1\/6&#8243;][\/vc_column][vc_column width=\u00bb1\/6&#8243;][\/vc_column][vc_column width=\u00bb1\/6&#8243;][\/vc_column][\/vc_row][vc_row css=\u00bb.vc_custom_1662143430965{margin-top: -45px !important;}\u00bb][vc_column][vc_column_text] Base de datos legislativa sobre medios comunitarios [\/vc_column_text][\/vc_column][\/vc_row][\/vc_section][vc_row][vc_column width=\u00bb1\/4&#8243;][\/vc_column][vc_column width=\u00bb1\/2&#8243;][vc_tta_accordion style=\u00bbmodern\u00bb shape=\u00bbsquare\u00bb color=\u00bbsky\u00bb active_section=\u00bb0&#8243; no_fill=\u00bbtrue\u00bb collapsible_all=\u00bbtrue\u00bb [&hellip;]<\/p>\n","protected":false},"author":1,"featured_media":0,"parent":0,"menu_order":0,"comment_status":"closed","ping_status":"closed","template":"","meta":{"footnotes":""},"class_list":["post-200","page","type-page","status-publish","hentry"],"_links":{"self":[{"href":"https:\/\/www.observacom.org\/proyectopidc\/wp-json\/wp\/v2\/pages\/200"}],"collection":[{"href":"https:\/\/www.observacom.org\/proyectopidc\/wp-json\/wp\/v2\/pages"}],"about":[{"href":"https:\/\/www.observacom.org\/proyectopidc\/wp-json\/wp\/v2\/types\/page"}],"author":[{"embeddable":true,"href":"https:\/\/www.observacom.org\/proyectopidc\/wp-json\/wp\/v2\/users\/1"}],"replies":[{"embeddable":true,"href":"https:\/\/www.observacom.org\/proyectopidc\/wp-json\/wp\/v2\/comments?post=200"}],"version-history":[{"count":54,"href":"https:\/\/www.observacom.org\/proyectopidc\/wp-json\/wp\/v2\/pages\/200\/revisions"}],"predecessor-version":[{"id":414,"href":"https:\/\/www.observacom.org\/proyectopidc\/wp-json\/wp\/v2\/pages\/200\/revisions\/414"}],"wp:attachment":[{"href":"https:\/\/www.observacom.org\/proyectopidc\/wp-json\/wp\/v2\/media?parent=200"}],"curies":[{"name":"wp","href":"https:\/\/api.w.org\/{rel}","templated":true}]}}